
What are the prime factors of 537364091?
11, 773, 63197
List the prime factors of 54964274.
2, 97, 311, 911
List the prime factors of 379896035.
5, 139, 546613
What are the prime factors of 1178992622?
2, 29, 20327459
What are the prime factors of 63073709?
63073709
What are the prime factors of 5906591001?
3, 83, 7907083
List the prime factors of 94827974.
2, 19, 2495473
What are the prime factors of 56985104?
2, 11, 19, 17041
List the prime factors of 608453216.
2, 7, 2716309
List the prime factors of 24427962.
2, 3, 13, 104393
List the prime factors of 87932884.
2, 13, 401, 4217
What are the prime factors of 40038769?
40038769
List the prime factors of 1477315992.
2, 3, 157, 392069
List the prime factors of 1318349389.
7, 47, 4007141
List the prime factors of 493706157.
3, 7, 373, 63029
What are the prime factors of 453672990?
2, 3, 5, 1061, 4751
List the prime factors of 5239695388.
2, 127, 10314361
What are the prime factors of 370051639?
16411, 22549
What are the prime factors of 28860135?
3, 5, 17, 113177
List the prime factors of 1026093507.
3, 18311, 18679
What are the prime factors of 518304355?
5, 103660871
What are the prime factors of 214028399?
13, 16463723
What are the prime factors of 1653010657?
17, 139, 699539
List the prime factors of 2876704019.
7, 410957717
What are the prime factors of 4587719885?
5, 7, 131077711
List the prime factors of 374936074.
2, 187468037
What are the prime factors of 2466911832?
2, 3, 7, 11, 347, 3847
What are the prime factors of 37533833?
157, 239069
What are the prime factors of 181754576?
2, 11359661
List the prime factors of 62342857.
19, 23, 331, 431
What are the prime factors of 120306571?
7, 11, 1562423
List the prime factors of 35278459.
19, 137, 13553
List the prime factors of 2418691490.
2, 5, 17, 1103, 12899
What are the prime factors of 273512218?
2, 7, 17, 164173
What are the prime factors of 77413350?
2, 3, 5, 7, 73727
List the prime factors of 3830622309.
3, 425624701
What are the prime factors of 5325661152?
2, 3, 7, 29, 71, 1283
What are the prime factors of 115183570?
2, 5, 109, 105673
What are the prime factors of 1965196717?
11, 71, 2516257
List the prime factors of 698744749.
2069, 337721
List the prime factors of 4990528.
2, 77977
List the prime factors of 5201533729.
7, 4943, 150329
List the prime factors of 3087187748.
2, 12143, 63559
What are the prime factors of 6179178561?
3, 43, 1987, 24107
What are the prime factors of 343168080?
2, 3, 5, 1429867
List the prime factors of 49914274.
2, 24957137
What are the prime factors of 227472608?
2, 11, 53, 89, 137
What are the prime factors of 91272603?
3, 1669, 18229
List the prime factors of 6242772.
2, 3, 29, 17939
List the prime factors of 10555.
5, 2111
What are the prime factors of 1945752496?
2, 157, 774583
List the prime factors of 629306467.
19, 29, 727, 1571
List the prime factors of 794786218.
2, 1151, 345259
List the prime factors of 27815970.
2, 3, 5, 7, 13, 23, 443
What are the prime factors of 2353702098?
2, 3, 11, 35662153
What are the prime factors of 470968772?
2, 1283, 91771
List the prime factors of 73791760.
2, 5, 7, 131771
List the prime factors of 1296946935.
3, 5, 19, 1516897
List the prime factors of 217693330.
2, 5, 17, 1280549
List the prime factors of 77759478.
2, 3, 89, 48539
What are the prime factors of 1116681959?
1116681959
What are the prime factors of 44225457?
3, 43, 342833
List the prime factors of 22508939.
19, 61, 19421
What are the prime factors of 54885673?
17, 43, 75083
List the prime factors of 3183610847.
47, 67736401
List the prime factors of 29303617.
7, 71, 8423
List the prime factors of 24035771.
103, 233357
List the prime factors of 20368331.
1609, 12659
What are the prime factors of 28023127?
11, 131, 19447
What are the prime factors of 9776756?
2, 11, 222199
List the prime factors of 2030247369.
3, 433, 173659
What are the prime factors of 232931713?
7, 33275959
What are the prime factors of 3075610406?
2, 11, 139800473
What are the prime factors of 6406855786?
2, 293, 10933201
What are the prime factors of 1649680?
2, 5, 17, 1213
What are the prime factors of 175451414?
2, 109, 804823
What are the prime factors of 284998671?
3, 787, 40237
What are the prime factors of 112210014?
2, 3, 7, 2671667
List the prime factors of 75949020.
2, 3, 5, 7, 79, 109
What are the prime factors of 3425340?
2, 3, 5, 57089
List the prime factors of 4839368757.
3, 379, 4256261
List the prime factors of 822798870.
2, 3, 5, 27426629
What are the prime factors of 2453555135?
5, 787, 623521
What are the prime factors of 1621471050?
2, 3, 5, 17, 79, 2683
List the prime factors of 328158518.
2, 164079259
What are the prime factors of 137345779?
31, 67, 89, 743
List the prime factors of 400798888.
2, 7, 107, 66889
List the prime factors of 511499783.
23, 31, 223, 3217
List the prime factors of 621112635.
3, 5, 11, 13, 263, 367
List the prime factors of 589972079.
79, 7468001
List the prime factors of 78300936.
2, 3, 7, 43, 3613
List the prime factors of 74796523.
127, 588949
List the prime factors of 8850634.
2, 13, 340409
What are the prime factors of 93153901?
37, 829, 3037
List the prime factors of 46335901.
46335901
List the prime factors of 33071180.
2, 5, 97, 17047
What are the prime factors of 2685133566?
2, 3, 331, 450677
What are the prime factors of 801319?
31, 25849
List the prime factors of 512902486.
2, 256451243
What are the prime factors of 150044687?
13, 11541899
List the prime factors of 315481464.
2, 3, 313, 13999
What are the prime factors of 263584211?
11, 53, 59, 79, 97
List the prime factors of 3554078400.
2, 3, 5, 246811
List the prime factors of 980798124.
2, 3, 5867, 13931
List the prime factors of 435970019.
31, 14063549
What are the prime factors of 29648663?
11, 17, 331, 479
List the prime factors of 1452955063.
7, 59, 293, 12007
What are the prime factors of 888215095?
5, 43, 937, 4409
List the prime factors of 891401163.
3, 197, 1508293
What are the prime factors of 210691991?
6379, 33029
What are the prime factors of 53381779?
11, 29, 167341
List the prime factors of 4099427810.
2, 5, 103, 3980027
List the prime factors of 60656495.
5, 3023, 4013
List the prime factors of 48117480.
2, 3, 5, 17, 103, 229
What are the prime factors of 25885362?
2, 3, 73, 113, 523
List the prime factors of 648477151.
7, 71, 1304783
List the prime factors of 438766175.
5, 17, 1032391
What are the prime factors of 763149610?
2, 5, 76314961
What are the prime factors of 744806021?
4337, 171733
List the prime factors of 97871006.
2, 17, 169327
What are the prime factors of 2496247797?
3, 19, 43793821
What are the prime factors of 1152999208?
2, 157, 917993
List the prime factors of 80654027.
80654027
List the prime factors of 1120884821.
7, 61, 2625023
List the prime factors of 188737497.
3, 13, 1613141
List the prime factors of 810735781.
17231, 47051
List the prime factors of 1332782971.
13, 101, 1015067
What are the prime factors of 112277914?
2, 7, 1145693
List the prime factors of 414878490.
2, 3, 5, 13, 19, 6221
What are the prime factors of 28242021?
3, 73, 128959
List the prime factors of 165389347.
165389347
List the prime factors of 41765938.
2, 20882969
What are the prime factors of 76457457?
3, 8495273
What are the prime factors of 853315126?
2, 3499, 121937
What are the prime factors of 194421643?
13, 37, 71, 5693
List the prime factors of 2705066.
2, 7, 13, 89, 167
List the prime factors of 6671749.
7, 271, 3517
What are the prime factors of 1255769869?
19, 107, 617693
What are the prime factors of 166263462?
2, 3, 3078953
What are the prime factors of 2445551584?
2, 7, 97, 2297
What are the prime factors of 949694020?
2, 5, 11, 97, 191, 233
What are the prime factors of 21624933?
3, 11, 655301
List the prime factors of 13497378.
2, 3, 37, 163, 373
List the prime factors of 711804297.
3, 17, 13956947
List the prime factors of 162948071.
11, 13, 29, 39293
What are the prime factors of 740727392?
2, 31, 61, 12241
List the prime factors of 293834077.
2393, 122789
What are the prime factors of 1576107692?
2, 394026923
List the prime factors of 1435751737.
7, 37, 5543443
List the prime factors of 278037150.
2, 3, 5, 1853581
List the prime factors of 391298425.
5, 7, 23, 67, 1451
What 